*2 + 4*o + 7. Suppose -4*x - 2*h + 4 = -24, -5*x = 4*h - 41. Suppose -r = c - 5*c + 27, c - 2*r - x = 0. What is j(c)?
-14
Let o(c) = c**3. Let i = 134 - 133. Let x(h) = -h**3 + 11*h**2 - 2. Let q(y) = i*x(y) + 2*o(y). What is q(-11)?
-2
Let o(l) be the third derivative of l**6/120 - l**5/10 - 5*l**4/24 + 11*l**3/6 + 825*l**2. Determine o(6).
-19
Let m(l) = -l + 7. Suppose -5*h + 56 = 4*o, 3*o = 3*h + 2*h + 7. Suppose 0 = -o*a + 7*a + 12. Give m(a).
1
Let x(q) = -q**2 - 3*q + 13. Let r(t) be the first derivative of -t**4/4 - 2*t**3 + 13*t**2/2 + 36*t + 261. Let d be r(-7). What is x(d)?
-5
Let g be ((-10)/6)/(790/(-5688)). Let n(t) = -9*t + 100. Give n(g).
-8
Let u = -53 + 51. Let z(d) = -d + 4. Let h be z(u). Let s(x) = -7*x**3 + 7*x**2 - 2. Let k(m) = m**3 - m + 1. Let b(t) = 6*k(t) + s(t). Calculate b(h).
4
Let k(r) = 42*r + 5. Let n be (87/(-6))/29*2. Give k(n).
-37
Let p = 4834 + -4831. Let y(c) = -8*c**2 + c - 1. Determine y(p).
-70
Let m(l) = 3 - 5*l**2 + 3*l - l**3 + 4*l - 3*l. Let b be ((-276)/(-115))/(4/(-10)). Determine m(b).
15
Suppose m = i + 1, 6*i + 67*m = 66*m + 15. Let q(u) = -33*u**2 - 8*u + 11. What is q(i)?
-137
Let j(y) be the first derivative of -5*y - 1/4*y**4 - 18 - 2*y**3 - 5/2*y**2. Give j(-5).
-5
Suppose -2*a - 924 = -4*h, 0 = -0*h - h - 2*a + 231. Suppose 3*r - h = -30*r. Let u(s) = s - 3. Determine u(r).
4
Let y(f) = 1563*f - 7825. Let s be y(5). Let n(v) = -v**2 - 30*v - 191. What is n(s)?
9
Suppose 6*r - 8 - 40 = 0. Let p(b) = r + 2 - 4 + 1 + b. Let z = 37 + -43. What is p(z)?
1
Let i(n) = -5*n - 21. Suppose -q - 15 = -t + 4*q, -2*t = 4*q + 26. Let s be i(t). Let z(c) = -c - 4 - c + s*c. Determine z(7).
10
Let s be 4/(-9)*207/24*(-2 - 4). Let p(l) = l - 40. What is p(s)?
-17
Let r = 3421 - 3426. Let j(w) = w**2 - 14*w - 95. Give j(r).
0
Let c(j) = 105*j**2 - 3*j + 4. Let i be c(1). Suppose 103*s = i*s - 6. Let n(l) = -29*l - 27*l + 57*l - s + 1. Calculate n(4).
3
Let o(u) = -u**3 + 3*u**2 + u - 7. Let a be o(3). Let f(g) = -13*g**2 + g + 1. Let z(v) = -17*v**2 + 2*v + 1. Let n(r) = -4*f(r) + 3*z(r). Determine n(a).
7
Let v = -2 + 3. Let g(t) be the first derivative of 2*t**4 - 2*t**3/3 + t**2/2 + 73413. What is g(v)?
7
Let k(x) = 3*x**3 - 17*x**2 - 29*x + 4. Let n(r) = 381*r + 8008. Let w be n(-21). Calculate k(w).
-3
Let k(z) = 207*z - 202*z - 2 + 8 + z**2. Let d be (-3 + -41)/(-2) - -4. Let c = d + -31. Determine k(c).
6
Suppose -11*i + 6 = -9*i. Let u(k) = -113*k + 24. Let z(g) = 131*g - 26. Let q(m) = 7*u(m) + 6*z(m). Give q(i).
-3
Suppose 77 = -5*i - 2*p - 27, 2*i = 5*p - 30. Let b be 2 - (-5 - i/4). Let x(h) = 6*h**3 - h**3 + 2*h - 1 - 2*h**3 - 2*h**3. Give x(b).
11
Let p(w) = 1 + 198255*w**2 - 55 - 38*w - 198256*w**2 + 0. Give p(-36).
18
Suppose 0*f + 2*f = -c, 3*c + 5*f = 4. Let t(b) = -458 - b**2 + 231 + 231 + 8*b. Determine t(c).
4
Let p(t) be the third derivative of -t**6/120 - 7*t**5/30 - 5*t**4/8 - 5*t**3/2 - 325*t**2 - 64. Let w = -10 - 3. Determine p(w).
11
Let x(d) = 4*d**3 + 2*d**2 + 9. Let f(w) = 7*w**3 + 3*w**2 + 17. Let q(b) = 3*f(b) - 5*x(b). Let r(v) = v**2 + 12*v - 85. Let l be r(5). Give q(l).
6
Let g(p) be the second derivative of p**5/20 - p**4/6 - 3*p**3/2 + p**2 + 6410*p. What is g(4)?
-2
Let b(y) = -y - 5485 + 5485. Let u(w) = w + 4. Let s(t) = -2*b(t) - u(t). Determine s(5).
1
Let o(d) = 3*d**2 + 3*d + 3. Let x = -541 + 546. Let l(s) = 2*s**2 + s + 2. Let y(j) = x*l(j) - 3*o(j). Calculate y(6).
13
Let n(z) = -2*z - 1. Let f(l) = -458*l - 464*l + 920*l. Let u = -6 + 3. Let o(a) = u*f(a) + 4*n(a). Calculate o(-6).
8
Suppose -4*d - 36 = -2*d. Let j = d - -20. Let y(s) = -s**j - 5 + 5 + 4*s + 5. Calculate y(5).
0
Let i(n) = 110*n**2 - 3*n - 221*n**2 + 113*n**2 - 3. Calculate i(-3).
24
Let f(y) be the third derivative of -11*y**4/24 + 3*y**3/2 + y**2 - 54. Let b(x) = -18*x + 19. Let v(a) = 3*b(a) - 5*f(a). What is v(-7)?
5
Suppose -2*h + 5*b - 12 = 0, 3*h - 4*b + 4 = -0. Let g(z) = 3*z**3 - h*z + 1 + 5*z - 86*z**2 + 0*z - 4*z**3 + 87*z**2. What is g(-1)?
2
Suppose 0 = -2*y + j + 34, 0*j + 84 = 5*y - 2*j. Let c be (y/3)/(28/(-42)). Let l(t) = -6*t - t**2 - 4 + 4. Determine l(c).
-16
Suppose -3*k + 2*u = -438, -4*k + 9*u = 10*u - 584. Let j = -142 + k. Let y(g) = g - 1. Calculate y(j).
3
Suppose 177*f + 65*f + 473*f - 5720 = 0. Let j(x) = -48*x + 384. Calculate j(f).
0
Let v(d) = 3*d + 7. Suppose -13*f = -12*f - 9. Suppose -21 = 6*n + f. Calculate v(n).
-8
Let p(o) = -6*o**3 + 5*o + 2. Let q(t) = t**3 - t**2. Let x(u) = p(u) + 5*q(u). Let l be (-16)/((-480)/(-45))*50/15. Give x(l).
-23
Let m(w) = -2*w**3 - 1099 + 3*w**3 - 3*w**2 + 3*w + 1096 + 2*w. Determine m(4).
33
Let k(o) = -16*o**2 + 27*o - 19. Let d(r) = -7*r**2 + 13*r - 10. Suppose 3*v + 4 = 2*v + q, -4*v + 2*q = 26. Let h(y) = v*d(y) + 4*k(y). Calculate h(-10).
4
Suppose 3*h + 3*h + 2894 = 2792. Let m(x) = x**2 + 8*x - 154. What is m(h)?
-1
Suppose -69*r = -73*r - 336. Let l = -90 - r. Let b(s) = -s**2 - 8*s - 5. Determine b(l).
7
Suppose 4*m - 3*p - 2113 = 0, -3*m + 1591 = 12*p - 8*p. Let x = m - 535. Let v(u) = u**3 + 5*u**2 - 6*u + 9. Give v(x).
9
Let a(z) = 24*z**2 - 2*z**3 - 58*z**2 + 32*z**2 - z - 5*z**3. What is a(-1)?
6
Let v be -2 + 2/(-2) + -2. Let i(j) = 3*j**3 + 5*j**2 - j + 11. Let m(z) = -10*z**3 - 15*z**2 + 4*z - 33. Let q(k) = 7*i(k) + 2*m(k). Determine q(v).
6
Let p(j) be the first derivative of j**4/4 - 8*j**3/3 + 3*j**2 - 38*j + 1244. Determine p(8).
10
Let r(x) be the second derivative of -7*x + 1/20*x**5 + 1/3*x**4 + 0 + 1/3*x**3 + 3/2*x**2. Give r(-4).
-5
Suppose -32 = -3*l - 38 + 33. Let t(w) = -4*w**2 + 34*w + 11. Give t(l).
-7
Suppose -5*o - 4*q + 488 = 502, 0 = -2*o - 3*q. Let a(b) = b**3 + 4*b**2 - 12*b - 1. Give a(o).
-1
Let t = 7275 - 7283. Let d(v) = -v**2 - 8*v - 46. What is d(t)?
-46
Let z(d) = -d**2 - d + 2. Let m(i) = 0*i - 3*i**2 - 2*i**2 + 3*i**2 + 6*i + 9. Let o be m(4). Let h be z(o). Let a(f) = f**3 - f**2 + 8. Determine a(h).
8
Let m(w) = -w**3 + 9*w**2 - w + 9. Suppose -142*n + 67*n + 675 = 0. Determine m(n).
0
Let r(s) = s**3 + 2*s + 1. Let g be 2 - (0 + 0) - -1. Suppose -78*h = -79*h + 4. Suppose j - g = h*j. What is r(j)?
-2
Let p(m) = -26*m + 1. Let q(n) = 2*n. Let i(d) = -p(d) - 5*q(d). Let v be 4/3*(3 + (-27)/(-6)). Suppose -2*s - 3*t = -1 - 10, 2*s - 4*t + v = 0. Give i(s).
15
Suppose 85*z - 41 - 51 = -7. Let h(d) = d**2 + 5*d - 6. Give h(z).
0
Let p(u) = -5*u - 118. Suppose 347*s + 980 = -4866 - 2135. Determine p(s).
-3
Let i(g) = 2*g**2 + g - 4. Suppose -5*m + 2*r + 400 = -518, r + 732 = 4*m. Let f = -185 + m. Give i(f).
11
Let u(i) = 4*i - 26. Let m(j) = -14*j + 400. Let q be m(28). Determine u(q).
6
Let u(l) = 8*l**2 - 2*l + 1. Suppose 471*h = 469*h. Let t be u(h). Let c(j) = -20*j**2 + 1. Calculate c(t).
-19
Let m(t) = 62 + 18 - 3*t**2 + 68*t - 4 - 8 + t**2. What is m(35)?
-2
Let h(f) be the first derivative of -f**4/24 - 7*f**3/6 + 25*f**2/2 + f + 93. Let k(z) be the second derivative of h(z). Give k(0).
-7
Suppose 68*n + n = -71*n + 700. Let w(d) = 24*d - 118. What is w(n)?
2
Let j = 9801 - 9801. Let w(t) = -2*t + 20. What is w(j)?
20
Let s(r) = -13*r**2 + 14*r + 4. Let g be s(0). Let o = 11 - 9. Let m(z) = 3 - 2 + z**3 + z - 3 + 2*z - 4*z**o. Calculate m(g).
10
Let z(g) = 5234*g**2 - 12 - 10424*g**2 - 3*g + 5196*g**2. Determine z(-3).
51
Let k(a) be the third derivative of -a**5/30 + a**4/12 - 1476*a**2. What is k(-2)?
-12
Suppose 3*b = -3*q - 33, -5*b + 4 = q + 31. Let i be (0/q - 0)/(-1). Let n(j) = 3*j - 12. Calculate n(i).
-12
Suppose -2*v = 5*t + 2504, 0 = -10*v + 5*v + 3*t - 6229. Let c = v + 1250. Let y(l) = -l + 5*l - 4*l**2 + 2*l**2 - 1. What is y(c)?
-7
Let o(z) = -z**2 + 3*z + 11. Suppose 102*h - 87*h = 75. Give o(h).
1
Let d(g) = -2*g**2 + 2*g - 2. Let o be d(2). Let y(u) be the first derivative of -u**2/2 + 2*u + 24193. Give y(o).
8
Let f(t) = 6 + 13 - 17 + 4 - 2*t. Let a be (3/6)/((-2)/(-24)). Let p = a - 2. Determine f(p).
-2
Let y(r) be the third derivative of -r**6/120 + r**5/20 + r**4/12 - 5*r**3/6 + 8445*r**2. Calculate y(6).
-101
Suppose 5*d + 54 = 12*j - 8*j, d = j - 12. Let x(u) = u**2 - 4*u - 11. What is x(d)?
49
Let x(y) = -y**2 + 19*y - 7. Let r(u) = 4*u**2 - 39*u + 16. Let p(j) = -2*r(j) - 5*x(j). Give p(-6).
-3
Let f(q) be the first derivative of